{"id":3841,"date":"2025-11-02T13:59:41","date_gmt":"2025-11-02T12:59:41","guid":{"rendered":"https:\/\/gggeigen.de\/?page_id=3841"},"modified":"2025-11-17T13:43:27","modified_gmt":"2025-11-17T12:43:27","slug":"zubehoer","status":"publish","type":"page","link":"https:\/\/gggeigen.de\/index.php\/zubehoer\/","title":{"rendered":"Zubeh\u00f6r"},"content":{"rendered":"\t\t<div data-elementor-type=\"wp-page\" data-elementor-id=\"3841\" class=\"elementor elementor-3841\">\n\t\t\t\t\t\t<section class=\"elementor-section elementor-top-section elementor-element elementor-element-ddf0d40 elementor-section-boxed elementor-section-height-default elementor-section-height-default\" data-id=\"ddf0d40\" data-element_type=\"section\" data-e-type=\"section\" data-settings=\"{&quot;background_background&quot;:&quot;classic&quot;}\">\n\t\t\t\t\t\t<div class=\"elementor-container elementor-column-gap-default\">\n\t\t\t\t\t<div class=\"elementor-column elementor-col-100 elementor-top-column elementor-element elementor-element-12532fb\" data-id=\"12532fb\" data-element_type=\"column\" data-e-type=\"column\" data-settings=\"{&quot;background_background&quot;:&quot;classic&quot;}\">\n\t\t\t<div class=\"elementor-widget-wrap elementor-element-populated\">\n\t\t\t\t\t\t<div class=\"elementor-element elementor-element-58a66d2 elementor-widget elementor-widget-heading\" data-id=\"58a66d2\" data-element_type=\"widget\" data-e-type=\"widget\" data-widget_type=\"heading.default\">\n\t\t\t\t<div class=\"elementor-widget-container\">\n\t\t\t\t\t<h2 class=\"elementor-heading-title elementor-size-default\">Zubeh\u00f6r<\/h2>\t\t\t\t<\/div>\n\t\t\t\t<\/div>\n\t\t\t\t\t<\/div>\n\t\t<\/div>\n\t\t\t\t\t<\/div>\n\t\t<\/section>\n\t\t\t\t<section class=\"elementor-section elementor-top-section elementor-element elementor-element-3cba7b9 elementor-section-boxed elementor-section-height-default elementor-section-height-default\" data-id=\"3cba7b9\" data-element_type=\"section\" data-e-type=\"section\">\n\t\t\t\t\t\t<div class=\"elementor-container elementor-column-gap-default\">\n\t\t\t\t\t<div class=\"elementor-column elementor-col-50 elementor-top-column elementor-element elementor-element-e0fa3ce\" data-id=\"e0fa3ce\" data-element_type=\"column\" data-e-type=\"column\" data-settings=\"{&quot;background_background&quot;:&quot;classic&quot;}\">\n\t\t\t<div class=\"elementor-widget-wrap elementor-element-populated\">\n\t\t\t\t\t\t<div class=\"elementor-element elementor-element-9f0a211 elementor-widget elementor-widget-image\" data-id=\"9f0a211\" data-element_type=\"widget\" data-e-type=\"widget\" data-widget_type=\"image.default\">\n\t\t\t\t<div class=\"elementor-widget-container\">\n\t\t\t\t\t\t\t\t\t\t\t\t\t\t\t\t<a href=\"https:\/\/gmedia.gewamusic.com\/external\/file\/media\/getPreview\/width\/600\/17091.jpg\">\n\t\t\t\t\t\t\t<img decoding=\"async\" src=\"https:\/\/gmedia.gewamusic.com\/external\/file\/media\/getPreview\/width\/600\/17091.jpg\" title=\"\" alt=\"Notenst\u00e4nder GEWA\" loading=\"lazy\" \/>\t\t\t\t\t\t\t\t<\/a>\n\t\t\t\t\t\t\t\t\t\t\t\t\t\t\t<\/div>\n\t\t\t\t<\/div>\n\t\t\t\t\t<\/div>\n\t\t<\/div>\n\t\t\t\t<div class=\"elementor-column elementor-col-50 elementor-top-column elementor-element elementor-element-49b9e40\" data-id=\"49b9e40\" data-element_type=\"column\" data-e-type=\"column\" data-settings=\"{&quot;background_background&quot;:&quot;classic&quot;}\">\n\t\t\t<div class=\"elementor-widget-wrap elementor-element-populated\">\n\t\t\t\t\t\t<div class=\"elementor-element elementor-element-235db8c elementor-widget elementor-widget-text-editor\" data-id=\"235db8c\" data-element_type=\"widget\" data-e-type=\"widget\" data-widget_type=\"text-editor.default\">\n\t\t\t\t<div class=\"elementor-widget-container\">\n\t\t\t\t\t\t\t\t\t<div><h4 style=\"text-align: left;\"><span style=\"color: #000000;\">GEWA Notenpult \/ Notenst\u00e4nder<\/span><\/h4><p style=\"text-align: left;\"><span style=\"color: #000000;\">L\u00e4nge zusammengeklappt 49 cm<\/span><br \/><span style=\"color: #000000;\">Aufstellh\u00f6he 63 &#8211; 125 cm<\/span><br \/><span style=\"color: #000000;\">Notenauflage 46 x 23 cm<\/span><br \/><span style=\"color: #000000;\">Gewicht 1,4 kg<\/span><br \/><span style=\"color: #000000;\">Schwarz<\/span><\/p><p style=\"text-align: left;\"><span style=\"color: #000000;\">\u20ac 16,70<\/span><\/p><\/div>\t\t\t\t\t\t\t\t<\/div>\n\t\t\t\t<\/div>\n\t\t\t\t\t<\/div>\n\t\t<\/div>\n\t\t\t\t\t<\/div>\n\t\t<\/section>\n\t\t\t\t<section class=\"elementor-section elementor-top-section elementor-element elementor-element-8761b7c elementor-section-boxed elementor-section-height-default elementor-section-height-default\" data-id=\"8761b7c\" data-element_type=\"section\" data-e-type=\"section\">\n\t\t\t\t\t\t<div class=\"elementor-container elementor-column-gap-default\">\n\t\t\t\t\t<div class=\"elementor-column elementor-col-50 elementor-top-column elementor-element elementor-element-ed4a48c\" data-id=\"ed4a48c\" data-element_type=\"column\" data-e-type=\"column\" data-settings=\"{&quot;background_background&quot;:&quot;classic&quot;}\">\n\t\t\t<div class=\"elementor-widget-wrap elementor-element-populated\">\n\t\t\t\t\t\t<div class=\"elementor-element elementor-element-6da1d83 elementor-widget elementor-widget-image\" data-id=\"6da1d83\" data-element_type=\"widget\" data-e-type=\"widget\" data-widget_type=\"image.default\">\n\t\t\t\t<div class=\"elementor-widget-container\">\n\t\t\t\t\t\t\t\t\t\t\t\t\t\t\t\t<a href=\"https:\/\/gggeigen.de\/wp-content\/uploads\/P_20251103_094139-scaled.jpg\" data-elementor-open-lightbox=\"yes\" data-e-action-hash=\"#elementor-action%3Aaction%3Dlightbox%26settings%3DeyJpZCI6NDM1MCwidXJsIjoiaHR0cHM6XC9cL2dnZ2VpZ2VuLmRlXC93cC1jb250ZW50XC91cGxvYWRzXC9QXzIwMjUxMTAzXzA5NDEzOS1zY2FsZWQuanBnIn0%3D\">\n\t\t\t\t\t\t\t<img fetchpriority=\"high\" decoding=\"async\" width=\"300\" height=\"225\" src=\"https:\/\/gggeigen.de\/wp-content\/uploads\/P_20251103_094139-300x225.jpg\" class=\"attachment-medium size-medium wp-image-4350\" alt=\"\" srcset=\"https:\/\/gggeigen.de\/wp-content\/uploads\/P_20251103_094139-300x225.jpg 300w, https:\/\/gggeigen.de\/wp-content\/uploads\/P_20251103_094139-1024x768.jpg 1024w, https:\/\/gggeigen.de\/wp-content\/uploads\/P_20251103_094139-150x113.jpg 150w, https:\/\/gggeigen.de\/wp-content\/uploads\/P_20251103_094139-768x576.jpg 768w, https:\/\/gggeigen.de\/wp-content\/uploads\/P_20251103_094139-1536x1152.jpg 1536w, https:\/\/gggeigen.de\/wp-content\/uploads\/P_20251103_094139-2048x1536.jpg 2048w, https:\/\/gggeigen.de\/wp-content\/uploads\/P_20251103_094139-1000x750.jpg 1000w, https:\/\/gggeigen.de\/wp-content\/uploads\/P_20251103_094139-230x173.jpg 230w, https:\/\/gggeigen.de\/wp-content\/uploads\/P_20251103_094139-350x263.jpg 350w, https:\/\/gggeigen.de\/wp-content\/uploads\/P_20251103_094139-480x360.jpg 480w\" sizes=\"(max-width: 300px) 100vw, 300px\" \/>\t\t\t\t\t\t\t\t<\/a>\n\t\t\t\t\t\t\t\t\t\t\t\t\t\t\t<\/div>\n\t\t\t\t<\/div>\n\t\t\t\t\t<\/div>\n\t\t<\/div>\n\t\t\t\t<div class=\"elementor-column elementor-col-50 elementor-top-column elementor-element elementor-element-67a2081\" data-id=\"67a2081\" data-element_type=\"column\" data-e-type=\"column\" data-settings=\"{&quot;background_background&quot;:&quot;classic&quot;}\">\n\t\t\t<div class=\"elementor-widget-wrap elementor-element-populated\">\n\t\t\t\t\t\t<div class=\"elementor-element elementor-element-72046c8 elementor-widget elementor-widget-text-editor\" data-id=\"72046c8\" data-element_type=\"widget\" data-e-type=\"widget\" data-widget_type=\"text-editor.default\">\n\t\t\t\t<div class=\"elementor-widget-container\">\n\t\t\t\t\t\t\t\t\t<h4 style=\"text-align: left;\"><span style=\"color: #000000;\">Schulterst\u00fctze<\/span><\/h4><p style=\"text-align: left;\"><span style=\"color: #000000;\">Ergonomische Form &#8211; Ahornholz-Imitat<\/span><\/p><p style=\"text-align: left;\"><span style=\"color: #000000;\">Violine 4\/4 &#8211; 3\/4<\/span><br \/><span style=\"color: #000000;\">Violine 1\/2 &#8211; 1\/4<\/span><\/p><p><span style=\"color: #000000;\">\u20ac 24,-<\/span><\/p>\t\t\t\t\t\t\t\t<\/div>\n\t\t\t\t<\/div>\n\t\t\t\t\t<\/div>\n\t\t<\/div>\n\t\t\t\t\t<\/div>\n\t\t<\/section>\n\t\t\t\t<section class=\"elementor-section elementor-top-section elementor-element elementor-element-915450a elementor-section-boxed elementor-section-height-default elementor-section-height-default\" data-id=\"915450a\" data-element_type=\"section\" data-e-type=\"section\">\n\t\t\t\t\t\t<div class=\"elementor-container elementor-column-gap-default\">\n\t\t\t\t\t<div class=\"elementor-column elementor-col-50 elementor-top-column elementor-element elementor-element-2dfd56d\" data-id=\"2dfd56d\" data-element_type=\"column\" data-e-type=\"column\" data-settings=\"{&quot;background_background&quot;:&quot;classic&quot;}\">\n\t\t\t<div class=\"elementor-widget-wrap elementor-element-populated\">\n\t\t\t\t\t\t<div class=\"elementor-element elementor-element-c0e6da7 elementor-widget elementor-widget-image\" data-id=\"c0e6da7\" data-element_type=\"widget\" data-e-type=\"widget\" data-widget_type=\"image.default\">\n\t\t\t\t<div class=\"elementor-widget-container\">\n\t\t\t\t\t\t\t\t\t\t\t\t\t\t\t\t<a href=\"https:\/\/gggeigen.de\/wp-content\/uploads\/Kun_super.jpg\" data-elementor-open-lightbox=\"yes\" data-e-action-hash=\"#elementor-action%3Aaction%3Dlightbox%26settings%3DeyJpZCI6MTkzNiwidXJsIjoiaHR0cHM6XC9cL2dnZ2VpZ2VuLmRlXC93cC1jb250ZW50XC91cGxvYWRzXC9LdW5fc3VwZXIuanBnIn0%3D\">\n\t\t\t\t\t\t\t<img decoding=\"async\" width=\"300\" height=\"264\" src=\"https:\/\/gggeigen.de\/wp-content\/uploads\/Kun_super-300x264.jpg\" class=\"attachment-medium size-medium wp-image-1936\" alt=\"\" srcset=\"https:\/\/gggeigen.de\/wp-content\/uploads\/Kun_super-300x264.jpg 300w, https:\/\/gggeigen.de\/wp-content\/uploads\/Kun_super-150x132.jpg 150w, https:\/\/gggeigen.de\/wp-content\/uploads\/Kun_super-768x675.jpg 768w, https:\/\/gggeigen.de\/wp-content\/uploads\/Kun_super-830x729.jpg 830w, https:\/\/gggeigen.de\/wp-content\/uploads\/Kun_super-230x202.jpg 230w, https:\/\/gggeigen.de\/wp-content\/uploads\/Kun_super-350x308.jpg 350w, https:\/\/gggeigen.de\/wp-content\/uploads\/Kun_super-480x422.jpg 480w, https:\/\/gggeigen.de\/wp-content\/uploads\/Kun_super.jpg 1024w\" sizes=\"(max-width: 300px) 100vw, 300px\" \/>\t\t\t\t\t\t\t\t<\/a>\n\t\t\t\t\t\t\t\t\t\t\t\t\t\t\t<\/div>\n\t\t\t\t<\/div>\n\t\t\t\t\t<\/div>\n\t\t<\/div>\n\t\t\t\t<div class=\"elementor-column elementor-col-50 elementor-top-column elementor-element elementor-element-ad7f9b1\" data-id=\"ad7f9b1\" data-element_type=\"column\" data-e-type=\"column\" data-settings=\"{&quot;background_background&quot;:&quot;classic&quot;}\">\n\t\t\t<div class=\"elementor-widget-wrap elementor-element-populated\">\n\t\t\t\t\t\t<div class=\"elementor-element elementor-element-8bc6be0 elementor-widget elementor-widget-text-editor\" data-id=\"8bc6be0\" data-element_type=\"widget\" data-e-type=\"widget\" data-widget_type=\"text-editor.default\">\n\t\t\t\t<div class=\"elementor-widget-container\">\n\t\t\t\t\t\t\t\t\t<h4 style=\"text-align: left;\"><span style=\"color: #000000;\">Kun Super Schulterst\u00fctze<\/span><\/h4><p style=\"text-align: left;\"><span style=\"color: #000000;\">stufenlos h\u00f6hen- seitenverstellbar, sehr leicht<\/span><\/p><p style=\"text-align: left;\"><span style=\"color: #000000;\">Violine 4\/4 \u20ac 44,40<\/span><br \/><span style=\"color: #000000;\">Violine 3\/4-1\/2 <\/span><\/p><p style=\"text-align: left;\"><span style=\"color: #000000;\">\u20ac 43,10<\/span><\/p>\t\t\t\t\t\t\t\t<\/div>\n\t\t\t\t<\/div>\n\t\t\t\t\t<\/div>\n\t\t<\/div>\n\t\t\t\t\t<\/div>\n\t\t<\/section>\n\t\t\t\t<section class=\"elementor-section elementor-top-section elementor-element elementor-element-556aa74 elementor-section-boxed elementor-section-height-default elementor-section-height-default\" data-id=\"556aa74\" data-element_type=\"section\" data-e-type=\"section\">\n\t\t\t\t\t\t<div class=\"elementor-container elementor-column-gap-default\">\n\t\t\t\t\t<div class=\"elementor-column elementor-col-50 elementor-top-column elementor-element elementor-element-b3fe5c5\" data-id=\"b3fe5c5\" data-element_type=\"column\" data-e-type=\"column\" data-settings=\"{&quot;background_background&quot;:&quot;classic&quot;}\">\n\t\t\t<div class=\"elementor-widget-wrap elementor-element-populated\">\n\t\t\t\t\t\t<div class=\"elementor-element elementor-element-6662ed0 elementor-widget elementor-widget-image\" data-id=\"6662ed0\" data-element_type=\"widget\" data-e-type=\"widget\" data-widget_type=\"image.default\">\n\t\t\t\t<div class=\"elementor-widget-container\">\n\t\t\t\t\t\t\t\t\t\t\t\t\t\t\t\t<a href=\"https:\/\/gggeigen.de\/wp-content\/uploads\/Viva_la_Musica_flex.jpg\" data-elementor-open-lightbox=\"yes\" data-e-action-hash=\"#elementor-action%3Aaction%3Dlightbox%26settings%3DeyJpZCI6MTkzOSwidXJsIjoiaHR0cHM6XC9cL2dnZ2VpZ2VuLmRlXC93cC1jb250ZW50XC91cGxvYWRzXC9WaXZhX2xhX011c2ljYV9mbGV4LmpwZyJ9\">\n\t\t\t\t\t\t\t<img decoding=\"async\" width=\"300\" height=\"264\" src=\"https:\/\/gggeigen.de\/wp-content\/uploads\/Viva_la_Musica_flex-300x264.jpg\" class=\"attachment-medium size-medium wp-image-1939\" alt=\"\" srcset=\"https:\/\/gggeigen.de\/wp-content\/uploads\/Viva_la_Musica_flex-300x264.jpg 300w, https:\/\/gggeigen.de\/wp-content\/uploads\/Viva_la_Musica_flex-150x132.jpg 150w, https:\/\/gggeigen.de\/wp-content\/uploads\/Viva_la_Musica_flex-768x675.jpg 768w, https:\/\/gggeigen.de\/wp-content\/uploads\/Viva_la_Musica_flex-830x729.jpg 830w, https:\/\/gggeigen.de\/wp-content\/uploads\/Viva_la_Musica_flex-230x202.jpg 230w, https:\/\/gggeigen.de\/wp-content\/uploads\/Viva_la_Musica_flex-350x308.jpg 350w, https:\/\/gggeigen.de\/wp-content\/uploads\/Viva_la_Musica_flex-480x422.jpg 480w, https:\/\/gggeigen.de\/wp-content\/uploads\/Viva_la_Musica_flex.jpg 1024w\" sizes=\"(max-width: 300px) 100vw, 300px\" \/>\t\t\t\t\t\t\t\t<\/a>\n\t\t\t\t\t\t\t\t\t\t\t\t\t\t\t<\/div>\n\t\t\t\t<\/div>\n\t\t\t\t\t<\/div>\n\t\t<\/div>\n\t\t\t\t<div class=\"elementor-column elementor-col-50 elementor-top-column elementor-element elementor-element-4f23bbb\" data-id=\"4f23bbb\" data-element_type=\"column\" data-e-type=\"column\" data-settings=\"{&quot;background_background&quot;:&quot;classic&quot;}\">\n\t\t\t<div class=\"elementor-widget-wrap elementor-element-populated\">\n\t\t\t\t\t\t<div class=\"elementor-element elementor-element-98198d2 elementor-widget elementor-widget-text-editor\" data-id=\"98198d2\" data-element_type=\"widget\" data-e-type=\"widget\" data-widget_type=\"text-editor.default\">\n\t\t\t\t<div class=\"elementor-widget-container\">\n\t\t\t\t\t\t\t\t\t<h4 style=\"text-align: left;\"><span style=\"color: #000000;\">Viva la Musica Flex Schulterst\u00fctze<\/span><\/h4><p style=\"text-align: left;\"><span style=\"color: #000000;\">Hochflexibler Polycarbonat, mit patentiertem Verstellsystem<\/span><\/p><p style=\"text-align: left;\"><span style=\"color: #000000;\">erh\u00e4ltlich in blau, gr\u00fcn, lila, rot, schwarz und gelb <\/span><\/p><p style=\"text-align: left;\"><span style=\"color: #000000;\">\u20ac 32,30<\/span><\/p>\t\t\t\t\t\t\t\t<\/div>\n\t\t\t\t<\/div>\n\t\t\t\t\t<\/div>\n\t\t<\/div>\n\t\t\t\t\t<\/div>\n\t\t<\/section>\n\t\t\t\t<section class=\"elementor-section elementor-top-section elementor-element elementor-element-49279e4 elementor-section-boxed elementor-section-height-default elementor-section-height-default\" data-id=\"49279e4\" data-element_type=\"section\" data-e-type=\"section\">\n\t\t\t\t\t\t<div class=\"elementor-container elementor-column-gap-default\">\n\t\t\t\t\t<div class=\"elementor-column elementor-col-50 elementor-top-column elementor-element elementor-element-87c81a7\" data-id=\"87c81a7\" data-element_type=\"column\" data-e-type=\"column\" data-settings=\"{&quot;background_background&quot;:&quot;classic&quot;}\">\n\t\t\t<div class=\"elementor-widget-wrap elementor-element-populated\">\n\t\t\t\t\t\t<div class=\"elementor-element elementor-element-064bf34 elementor-widget elementor-widget-image\" data-id=\"064bf34\" data-element_type=\"widget\" data-e-type=\"widget\" data-widget_type=\"image.default\">\n\t\t\t\t<div class=\"elementor-widget-container\">\n\t\t\t\t\t\t\t\t\t\t\t\t\t\t\t\t<a href=\"https:\/\/gggeigen.de\/wp-content\/uploads\/wolf-forte-secondo.jpg\" data-elementor-open-lightbox=\"yes\" data-e-action-hash=\"#elementor-action%3Aaction%3Dlightbox%26settings%3DeyJpZCI6MTk0MCwidXJsIjoiaHR0cHM6XC9cL2dnZ2VpZ2VuLmRlXC93cC1jb250ZW50XC91cGxvYWRzXC93b2xmLWZvcnRlLXNlY29uZG8uanBnIn0%3D\">\n\t\t\t\t\t\t\t<img loading=\"lazy\" decoding=\"async\" width=\"300\" height=\"264\" src=\"https:\/\/gggeigen.de\/wp-content\/uploads\/wolf-forte-secondo-300x264.jpg\" class=\"attachment-medium size-medium wp-image-1940\" alt=\"\" srcset=\"https:\/\/gggeigen.de\/wp-content\/uploads\/wolf-forte-secondo-300x264.jpg 300w, https:\/\/gggeigen.de\/wp-content\/uploads\/wolf-forte-secondo-150x132.jpg 150w, https:\/\/gggeigen.de\/wp-content\/uploads\/wolf-forte-secondo-768x675.jpg 768w, https:\/\/gggeigen.de\/wp-content\/uploads\/wolf-forte-secondo-830x729.jpg 830w, https:\/\/gggeigen.de\/wp-content\/uploads\/wolf-forte-secondo-230x202.jpg 230w, https:\/\/gggeigen.de\/wp-content\/uploads\/wolf-forte-secondo-350x308.jpg 350w, https:\/\/gggeigen.de\/wp-content\/uploads\/wolf-forte-secondo-480x422.jpg 480w, https:\/\/gggeigen.de\/wp-content\/uploads\/wolf-forte-secondo.jpg 1024w\" sizes=\"(max-width: 300px) 100vw, 300px\" \/>\t\t\t\t\t\t\t\t<\/a>\n\t\t\t\t\t\t\t\t\t\t\t\t\t\t\t<\/div>\n\t\t\t\t<\/div>\n\t\t\t\t\t<\/div>\n\t\t<\/div>\n\t\t\t\t<div class=\"elementor-column elementor-col-50 elementor-top-column elementor-element elementor-element-0ab4d99\" data-id=\"0ab4d99\" data-element_type=\"column\" data-e-type=\"column\" data-settings=\"{&quot;background_background&quot;:&quot;classic&quot;}\">\n\t\t\t<div class=\"elementor-widget-wrap elementor-element-populated\">\n\t\t\t\t\t\t<div class=\"elementor-element elementor-element-92a56b3 elementor-widget elementor-widget-text-editor\" data-id=\"92a56b3\" data-element_type=\"widget\" data-e-type=\"widget\" data-widget_type=\"text-editor.default\">\n\t\t\t\t<div class=\"elementor-widget-container\">\n\t\t\t\t\t\t\t\t\t<h4 style=\"text-align: left;\"><span style=\"color: #000000;\">Wolf Forte Secondo Schulterst\u00fctze<\/span><\/h4><p style=\"text-align: left;\"><span style=\"color: #000000;\">Beidseitig h\u00f6henverstellbar, geschwungene Form<\/span><\/p><p style=\"text-align: left;\"><span style=\"color: #000000;\">\u20ac 39,95<\/span><\/p>\t\t\t\t\t\t\t\t<\/div>\n\t\t\t\t<\/div>\n\t\t\t\t\t<\/div>\n\t\t<\/div>\n\t\t\t\t\t<\/div>\n\t\t<\/section>\n\t\t\t\t<section class=\"elementor-section elementor-top-section elementor-element elementor-element-fb7d0aa elementor-section-boxed elementor-section-height-default elementor-section-height-default\" data-id=\"fb7d0aa\" data-element_type=\"section\" data-e-type=\"section\">\n\t\t\t\t\t\t<div class=\"elementor-container elementor-column-gap-default\">\n\t\t\t\t\t<div class=\"elementor-column elementor-col-50 elementor-top-column elementor-element elementor-element-6db66f3\" data-id=\"6db66f3\" data-element_type=\"column\" data-e-type=\"column\" data-settings=\"{&quot;background_background&quot;:&quot;classic&quot;}\">\n\t\t\t<div class=\"elementor-widget-wrap elementor-element-populated\">\n\t\t\t\t\t\t<div class=\"elementor-element elementor-element-21f1d56 elementor-widget elementor-widget-image\" data-id=\"21f1d56\" data-element_type=\"widget\" data-e-type=\"widget\" data-widget_type=\"image.default\">\n\t\t\t\t<div class=\"elementor-widget-container\">\n\t\t\t\t\t\t\t\t\t\t\t\t\t\t\t\t<a href=\"https:\/\/gggeigen.de\/wp-content\/uploads\/bon_musica.jpg\" data-elementor-open-lightbox=\"yes\" data-e-action-hash=\"#elementor-action%3Aaction%3Dlightbox%26settings%3DeyJpZCI6MTk0MSwidXJsIjoiaHR0cHM6XC9cL2dnZ2VpZ2VuLmRlXC93cC1jb250ZW50XC91cGxvYWRzXC9ib25fbXVzaWNhLmpwZyJ9\">\n\t\t\t\t\t\t\t<img loading=\"lazy\" decoding=\"async\" width=\"300\" height=\"264\" src=\"https:\/\/gggeigen.de\/wp-content\/uploads\/bon_musica-300x264.jpg\" class=\"attachment-medium size-medium wp-image-1941\" alt=\"\" srcset=\"https:\/\/gggeigen.de\/wp-content\/uploads\/bon_musica-300x264.jpg 300w, https:\/\/gggeigen.de\/wp-content\/uploads\/bon_musica-150x132.jpg 150w, https:\/\/gggeigen.de\/wp-content\/uploads\/bon_musica-768x675.jpg 768w, https:\/\/gggeigen.de\/wp-content\/uploads\/bon_musica-830x729.jpg 830w, https:\/\/gggeigen.de\/wp-content\/uploads\/bon_musica-230x202.jpg 230w, https:\/\/gggeigen.de\/wp-content\/uploads\/bon_musica-350x308.jpg 350w, https:\/\/gggeigen.de\/wp-content\/uploads\/bon_musica-480x422.jpg 480w, https:\/\/gggeigen.de\/wp-content\/uploads\/bon_musica.jpg 1024w\" sizes=\"(max-width: 300px) 100vw, 300px\" \/>\t\t\t\t\t\t\t\t<\/a>\n\t\t\t\t\t\t\t\t\t\t\t\t\t\t\t<\/div>\n\t\t\t\t<\/div>\n\t\t\t\t\t<\/div>\n\t\t<\/div>\n\t\t\t\t<div class=\"elementor-column elementor-col-50 elementor-top-column elementor-element elementor-element-e0e2474\" data-id=\"e0e2474\" data-element_type=\"column\" data-e-type=\"column\" data-settings=\"{&quot;background_background&quot;:&quot;classic&quot;}\">\n\t\t\t<div class=\"elementor-widget-wrap elementor-element-populated\">\n\t\t\t\t\t\t<div class=\"elementor-element elementor-element-c1c95bb elementor-widget elementor-widget-text-editor\" data-id=\"c1c95bb\" data-element_type=\"widget\" data-e-type=\"widget\" data-widget_type=\"text-editor.default\">\n\t\t\t\t<div class=\"elementor-widget-container\">\n\t\t\t\t\t\t\t\t\t<h4 style=\"text-align: left;\"><span style=\"color: #000000;\">Bonmusica Schulterst\u00fctze<\/span><\/h4><p style=\"text-align: left;\"><span style=\"color: #000000;\">Ergonomische Form, flexible Konstruktion<\/span><\/p><p style=\"text-align: left;\"><span style=\"color: #000000;\">in allen Gr\u00f6\u00dfen erh\u00e4ltlich (auch Viola)<\/span><\/p><p style=\"text-align: left;\"><span style=\"color: #000000;\">Violine 4\/4 <\/span><br \/><span style=\"color: #000000;\">\u20ac 84,60<\/span><\/p>\t\t\t\t\t\t\t\t<\/div>\n\t\t\t\t<\/div>\n\t\t\t\t\t<\/div>\n\t\t<\/div>\n\t\t\t\t\t<\/div>\n\t\t<\/section>\n\t\t\t\t<\/div>\n\t\t","protected":false},"excerpt":{"rendered":"<p>Zubeh\u00f6r GEWA Notenpult \/ Notenst\u00e4nder L\u00e4nge zusammengeklappt 49 cmAufstellh\u00f6he 63 &#8211; 125 cmNotenauflage 46 x 23 cmGewicht 1,4 kgSchwarz \u20ac 16,70 Schulterst\u00fctze Ergonomische Form &#8211; Ahornholz-Imitat Violine 4\/4 &#8211; 3\/4Violine 1\/2 &#8211; 1\/4 \u20ac 24,- Kun Super Schulterst\u00fctze stufenlos h\u00f6hen- seitenverstellbar, sehr leicht Violine 4\/4 \u20ac 44,40Violine 3\/4-1\/2 \u20ac 43,10 Viva la Musica Flex Schulterst\u00fctze [&hellip;]<\/p>\n","protected":false},"author":1,"featured_media":0,"parent":0,"menu_order":0,"comment_status":"closed","ping_status":"closed","template":"elementor_header_footer","meta":{"footnotes":""},"class_list":["post-3841","page","type-page","status-publish","hentry"],"_links":{"self":[{"href":"https:\/\/gggeigen.de\/index.php\/wp-json\/wp\/v2\/pages\/3841","targetHints":{"allow":["GET"]}}],"collection":[{"href":"https:\/\/gggeigen.de\/index.php\/wp-json\/wp\/v2\/pages"}],"about":[{"href":"https:\/\/gggeigen.de\/index.php\/wp-json\/wp\/v2\/types\/page"}],"author":[{"embeddable":true,"href":"https:\/\/gggeigen.de\/index.php\/wp-json\/wp\/v2\/users\/1"}],"replies":[{"embeddable":true,"href":"https:\/\/gggeigen.de\/index.php\/wp-json\/wp\/v2\/comments?post=3841"}],"version-history":[{"count":70,"href":"https:\/\/gggeigen.de\/index.php\/wp-json\/wp\/v2\/pages\/3841\/revisions"}],"predecessor-version":[{"id":6692,"href":"https:\/\/gggeigen.de\/index.php\/wp-json\/wp\/v2\/pages\/3841\/revisions\/6692"}],"wp:attachment":[{"href":"https:\/\/gggeigen.de\/index.php\/wp-json\/wp\/v2\/media?parent=3841"}],"curies":[{"name":"wp","href":"https:\/\/api.w.org\/{rel}","templated":true}]}}