{"id":22,"date":"2017-12-04T21:00:31","date_gmt":"2017-12-04T21:00:31","guid":{"rendered":"http:\/\/gggeigen.blogimnetz.de\/?page_id=22"},"modified":"2025-11-02T22:06:15","modified_gmt":"2025-11-02T21:06:15","slug":"ueber-mich","status":"publish","type":"page","link":"https:\/\/gggeigen.de\/index.php\/ueber-mich\/","title":{"rendered":"\u00dcber mich"},"content":{"rendered":"\t\t<div data-elementor-type=\"wp-page\" data-elementor-id=\"22\" class=\"elementor elementor-22\">\n\t\t\t\t\t\t<section class=\"elementor-section elementor-top-section elementor-element elementor-element-c5b0ec4 elementor-section-boxed elementor-section-height-default elementor-section-height-default\" data-id=\"c5b0ec4\" data-element_type=\"section\" data-e-type=\"section\" data-settings=\"{&quot;background_background&quot;:&quot;classic&quot;}\">\n\t\t\t\t\t\t<div class=\"elementor-container elementor-column-gap-default\">\n\t\t\t\t\t<div class=\"elementor-column elementor-col-100 elementor-top-column elementor-element elementor-element-78a4ef1\" data-id=\"78a4ef1\" data-element_type=\"column\" data-e-type=\"column\" data-settings=\"{&quot;background_background&quot;:&quot;classic&quot;}\">\n\t\t\t<div class=\"elementor-widget-wrap elementor-element-populated\">\n\t\t\t\t\t\t<div class=\"elementor-element elementor-element-aaa71a2 elementor-widget elementor-widget-heading\" data-id=\"aaa71a2\" data-element_type=\"widget\" data-e-type=\"widget\" data-widget_type=\"heading.default\">\n\t\t\t\t<div class=\"elementor-widget-container\">\n\t\t\t\t\t<h2 class=\"elementor-heading-title elementor-size-default\">\u00dcber mich\n<\/h2>\t\t\t\t<\/div>\n\t\t\t\t<\/div>\n\t\t\t\t\t<\/div>\n\t\t<\/div>\n\t\t\t\t\t<\/div>\n\t\t<\/section>\n\t\t\t\t<section class=\"elementor-section elementor-top-section elementor-element elementor-element-838489d elementor-section-boxed elementor-section-height-default elementor-section-height-default\" data-id=\"838489d\" data-element_type=\"section\" data-e-type=\"section\" data-settings=\"{&quot;background_background&quot;:&quot;classic&quot;}\">\n\t\t\t\t\t\t\t<div class=\"elementor-background-overlay\"><\/div>\n\t\t\t\t\t\t\t<div class=\"elementor-container elementor-column-gap-default\">\n\t\t\t\t\t<div class=\"elementor-column elementor-col-100 elementor-top-column elementor-element elementor-element-36a4bea\" data-id=\"36a4bea\" data-element_type=\"column\" data-e-type=\"column\" data-settings=\"{&quot;background_background&quot;:&quot;classic&quot;}\">\n\t\t\t<div class=\"elementor-widget-wrap elementor-element-populated\">\n\t\t\t\t\t\t<div class=\"elementor-element elementor-element-8cc31ab elementor-widget elementor-widget-text-editor\" data-id=\"8cc31ab\" data-element_type=\"widget\" data-e-type=\"widget\" data-widget_type=\"text-editor.default\">\n\t\t\t\t<div class=\"elementor-widget-container\">\n\t\t\t\t\t\t\t\t\t<div id=\"pl-22\" class=\"panel-layout\"><div id=\"pg-22-0\" class=\"panel-grid panel-has-style\" align=\"\" data-style=\"{\"><div class=\"panel-row-style panel-row-style-for-22-0\" data-overlay=\"true\" data-overlay-color=\"#000000\"><div id=\"pgc-22-0-0\" class=\"panel-grid-cell\" data-weight=\"1\"><div id=\"panel-22-0-0-0\" class=\"so-panel widget widget_sow-editor panel-first-child panel-last-child\" data-index=\"0\" data-style=\"{\"><div class=\"panel-widget-style panel-widget-style-for-22-0-0-0\" data-title-color=\"#443f3f\" data-headings-color=\"#443f3f\"><div class=\"so-widget-sow-editor so-widget-sow-editor-base\"><div class=\"siteorigin-widget-tinymce textwidget\"><p><a href=\"https:\/\/gggeigen.de\/wp-content\/uploads\/ueber_mich.jpg\"><img fetchpriority=\"high\" decoding=\"async\" class=\"alignright wp-image-2168\" src=\"https:\/\/gggeigen.de\/wp-content\/uploads\/ueber_mich-300x199.jpg\" alt=\"\" width=\"400\" height=\"265\" srcset=\"https:\/\/gggeigen.de\/wp-content\/uploads\/ueber_mich-300x199.jpg 300w, https:\/\/gggeigen.de\/wp-content\/uploads\/ueber_mich-150x99.jpg 150w, https:\/\/gggeigen.de\/wp-content\/uploads\/ueber_mich-768x508.jpg 768w, https:\/\/gggeigen.de\/wp-content\/uploads\/ueber_mich-830x549.jpg 830w, https:\/\/gggeigen.de\/wp-content\/uploads\/ueber_mich-230x152.jpg 230w, https:\/\/gggeigen.de\/wp-content\/uploads\/ueber_mich-350x232.jpg 350w, https:\/\/gggeigen.de\/wp-content\/uploads\/ueber_mich-480x318.jpg 480w, https:\/\/gggeigen.de\/wp-content\/uploads\/ueber_mich.jpg 1000w\" sizes=\"(max-width: 400px) 100vw, 400px\" \/><\/a><\/p><p>Ich wurde im April 1978 in Meerane (Sachsen) als Clemens Ohl geboren. Nachdem meine Familie 1984 nach West-Berlin ausreiste (per Ausreiseantrag) entdeckte ich fr\u00fchzeitig meine Liebe zur Musik. Neben den musischen F\u00e4higkeiten wurden bei mir, als Waldorfsch\u00fcler, auch mein handwerkliches Geschick und die kreative Inspiration fr\u00fchzeitig gef\u00f6rdert.<\/p><p>Mein erstes Instrument, welches ich erlernen durfte war, wie soll es auch anders sein, die Violine. Jedoch wechselte ich sp\u00e4ter zum Saxophon, welches mich noch heute begleitet.<\/p><p>Nachdem ich mich einige Zeit mit verschiedenen Besch\u00e4ftigungen erfahren durfte (zum Beispiel Velotaxi-Fahrer oder Verk\u00e4ufer in einem Musikaliengesch\u00e4ft), brachte mich das Schicksal, oder was auch immer, auf den Gedanken meine F\u00e4higkeiten in einem finalen Beruf zu vereinen.<\/p><p>So lehrten mich Lothar Sandner und Sven Gerbeth in der Berufsfachschule Klingenthal (Vogtland) das traditionsreiche &#8211; musische Handwerk. Den Geigenbau. Weitere Erfahrungen konnte ich in den Werkst\u00e4tten von Michael Ledfu\u00df &amp; Friederike Dudda (Halle) sammeln. Au\u00dferdem arbeitete ich mit Matthias R. Misch (Erfurt) zusammen.<\/p><p>Ich gr\u00fcndete den Betrieb &#8222;Giles Gomez Geigenbau&#8220; 2009 und bezog 2010 das Ladengesch\u00e4ft in der Richard-Wagner-Stra\u00dfe 11, 99423 Weimar.<\/p><p style=\"text-align: left;\">Um Verwirrungen vorzubeugen noch einen Satz zu meinem Nachnamen. Diesen verdanke ich einer l\u00e4ngst vergangenen Ehe aus Berliner Zeiten. Er geh\u00f6rt zu einer mexikanischen Frau und seit dieser Zeit auch zu mir.\u00a0<\/p><\/div><\/div><\/div><\/div><\/div><\/div><\/div><\/div>\t\t\t\t\t\t\t\t<\/div>\n\t\t\t\t<\/div>\n\t\t\t\t\t<\/div>\n\t\t<\/div>\n\t\t\t\t\t<\/div>\n\t\t<\/section>\n\t\t\t\t<\/div>\n\t\t","protected":false},"excerpt":{"rendered":"<p>\u00dcber mich Ich wurde im April 1978 in Meerane (Sachsen) als Clemens Ohl geboren. Nachdem meine Familie 1984 nach West-Berlin ausreiste (per Ausreiseantrag) entdeckte ich fr\u00fchzeitig meine Liebe zur Musik. Neben den musischen F\u00e4higkeiten wurden bei mir, als Waldorfsch\u00fcler, auch mein handwerkliches Geschick und die kreative Inspiration fr\u00fchzeitig gef\u00f6rdert. Mein erstes Instrument, welches ich erlernen [&hellip;]<\/p>\n","protected":false},"author":2,"featured_media":0,"parent":0,"menu_order":1,"comment_status":"closed","ping_status":"closed","template":"","meta":{"footnotes":""},"class_list":["post-22","page","type-page","status-publish","hentry"],"_links":{"self":[{"href":"https:\/\/gggeigen.de\/index.php\/wp-json\/wp\/v2\/pages\/22","targetHints":{"allow":["GET"]}}],"collection":[{"href":"https:\/\/gggeigen.de\/index.php\/wp-json\/wp\/v2\/pages"}],"about":[{"href":"https:\/\/gggeigen.de\/index.php\/wp-json\/wp\/v2\/types\/page"}],"author":[{"embeddable":true,"href":"https:\/\/gggeigen.de\/index.php\/wp-json\/wp\/v2\/users\/2"}],"replies":[{"embeddable":true,"href":"https:\/\/gggeigen.de\/index.php\/wp-json\/wp\/v2\/comments?post=22"}],"version-history":[{"count":136,"href":"https:\/\/gggeigen.de\/index.php\/wp-json\/wp\/v2\/pages\/22\/revisions"}],"predecessor-version":[{"id":4173,"href":"https:\/\/gggeigen.de\/index.php\/wp-json\/wp\/v2\/pages\/22\/revisions\/4173"}],"wp:attachment":[{"href":"https:\/\/gggeigen.de\/index.php\/wp-json\/wp\/v2\/media?parent=22"}],"curies":[{"name":"wp","href":"https:\/\/api.w.org\/{rel}","templated":true}]}}