{"id":14,"date":"2017-12-04T20:56:33","date_gmt":"2017-12-04T19:56:33","guid":{"rendered":"http:\/\/gggeigen.blogimnetz.de\/?page_id=14"},"modified":"2025-11-18T21:26:57","modified_gmt":"2025-11-18T20:26:57","slug":"reparatur-restaurierung","status":"publish","type":"page","link":"https:\/\/gggeigen.de\/index.php\/reparatur-restaurierung\/","title":{"rendered":"Reparatur &#038; Restaurierung"},"content":{"rendered":"\t\t<div data-elementor-type=\"wp-page\" data-elementor-id=\"14\" class=\"elementor elementor-14\">\n\t\t\t\t\t\t<section class=\"elementor-section elementor-top-section elementor-element elementor-element-98cfffc elementor-section-boxed elementor-section-height-default elementor-section-height-default\" data-id=\"98cfffc\" data-element_type=\"section\" data-e-type=\"section\" data-settings=\"{&quot;background_background&quot;:&quot;classic&quot;}\">\n\t\t\t\t\t\t<div class=\"elementor-container elementor-column-gap-default\">\n\t\t\t\t\t<div class=\"elementor-column elementor-col-100 elementor-top-column elementor-element elementor-element-b217797\" data-id=\"b217797\" data-element_type=\"column\" data-e-type=\"column\" data-settings=\"{&quot;background_background&quot;:&quot;classic&quot;}\">\n\t\t\t<div class=\"elementor-widget-wrap elementor-element-populated\">\n\t\t\t\t\t\t<div class=\"elementor-element elementor-element-9fb91f6 elementor-widget elementor-widget-heading\" data-id=\"9fb91f6\" data-element_type=\"widget\" data-e-type=\"widget\" data-widget_type=\"heading.default\">\n\t\t\t\t<div class=\"elementor-widget-container\">\n\t\t\t\t\t<h2 class=\"elementor-heading-title elementor-size-default\">Reparatur<\/h2>\t\t\t\t<\/div>\n\t\t\t\t<\/div>\n\t\t\t\t\t<\/div>\n\t\t<\/div>\n\t\t\t\t\t<\/div>\n\t\t<\/section>\n\t\t\t\t<section class=\"elementor-section elementor-top-section elementor-element elementor-element-dd394cd elementor-section-boxed elementor-section-height-default elementor-section-height-default\" data-id=\"dd394cd\" data-element_type=\"section\" data-e-type=\"section\" data-settings=\"{&quot;background_background&quot;:&quot;classic&quot;}\">\n\t\t\t\t\t\t<div class=\"elementor-container elementor-column-gap-default\">\n\t\t\t\t\t<div class=\"elementor-column elementor-col-50 elementor-top-column elementor-element elementor-element-a0a57a1\" data-id=\"a0a57a1\" data-element_type=\"column\" data-e-type=\"column\" data-settings=\"{&quot;background_background&quot;:&quot;classic&quot;}\">\n\t\t\t<div class=\"elementor-widget-wrap elementor-element-populated\">\n\t\t\t\t\t\t<div class=\"elementor-element elementor-element-10e124d elementor-widget__width-initial elementor-widget elementor-widget-text-editor\" data-id=\"10e124d\" data-element_type=\"widget\" data-e-type=\"widget\" data-widget_type=\"text-editor.default\">\n\t\t\t\t<div class=\"elementor-widget-container\">\n\t\t\t\t\t\t\t\t\t<p>In meiner Werkstatt k\u00f6nnen alle Reparaturen &amp; \u00dcberholungen an Streichinstrumenten von allen Gr\u00f6\u00dfen der Geige \u00fcber Violen &amp; Celli bis hin zu Kontrab\u00e4ssen vorgenommen werden.<br \/>Ob es sich um Unfallsch\u00e4den wie gebrochener Hals, Stimmriss in Boden bzw. Decke, gebrochener Steg, Besch\u00e4digungen am Lack, abgeplatzte Ecken etc. handelt oder alters- und spielbedingte \u00dcberholungen erforderlich sind, wie Leimarbeiten, Nacharbeiten des Griffbretts, Setzen einer neuen Stimme oder Aufschneiden eines neuen Steges (\u2026).<br \/>Ich bin bestrebt bei Reparaturen an den Instrumenten den jeweiligen Anforderungen meiner Kunden gerecht zu werden und Ihnen mit Rat und Tat zur Seite zu stehen.<\/p>\t\t\t\t\t\t\t\t<\/div>\n\t\t\t\t<\/div>\n\t\t\t\t\t<\/div>\n\t\t<\/div>\n\t\t\t\t<div class=\"elementor-column elementor-col-50 elementor-top-column elementor-element elementor-element-9ad3a05\" data-id=\"9ad3a05\" data-element_type=\"column\" data-e-type=\"column\" data-settings=\"{&quot;background_background&quot;:&quot;classic&quot;}\">\n\t\t\t<div class=\"elementor-widget-wrap elementor-element-populated\">\n\t\t\t\t\t\t<div class=\"elementor-element elementor-element-772753f elementor-widget__width-initial elementor-widget-tablet__width-initial elementor-widget elementor-widget-image\" data-id=\"772753f\" data-element_type=\"widget\" data-e-type=\"widget\" data-widget_type=\"image.default\">\n\t\t\t\t<div class=\"elementor-widget-container\">\n\t\t\t\t\t\t\t\t\t\t\t\t\t\t\t<img fetchpriority=\"high\" decoding=\"async\" width=\"1024\" height=\"811\" src=\"https:\/\/gggeigen.de\/wp-content\/uploads\/P_20251108_141830-scaled-e1762653012357-1024x811.jpg\" class=\"attachment-large size-large wp-image-4932\" alt=\"\" srcset=\"https:\/\/gggeigen.de\/wp-content\/uploads\/P_20251108_141830-scaled-e1762653012357-1024x811.jpg 1024w, https:\/\/gggeigen.de\/wp-content\/uploads\/P_20251108_141830-scaled-e1762653012357-300x238.jpg 300w, https:\/\/gggeigen.de\/wp-content\/uploads\/P_20251108_141830-scaled-e1762653012357-150x119.jpg 150w, https:\/\/gggeigen.de\/wp-content\/uploads\/P_20251108_141830-scaled-e1762653012357-768x609.jpg 768w, https:\/\/gggeigen.de\/wp-content\/uploads\/P_20251108_141830-scaled-e1762653012357-1536x1217.jpg 1536w, https:\/\/gggeigen.de\/wp-content\/uploads\/P_20251108_141830-scaled-e1762653012357-2048x1623.jpg 2048w, https:\/\/gggeigen.de\/wp-content\/uploads\/P_20251108_141830-scaled-e1762653012357-1000x792.jpg 1000w, https:\/\/gggeigen.de\/wp-content\/uploads\/P_20251108_141830-scaled-e1762653012357-230x182.jpg 230w, https:\/\/gggeigen.de\/wp-content\/uploads\/P_20251108_141830-scaled-e1762653012357-350x277.jpg 350w, https:\/\/gggeigen.de\/wp-content\/uploads\/P_20251108_141830-scaled-e1762653012357-480x380.jpg 480w\" sizes=\"(max-width: 1024px) 100vw, 1024px\" \/>\t\t\t\t\t\t\t\t\t\t\t\t\t\t\t<\/div>\n\t\t\t\t<\/div>\n\t\t\t\t\t<\/div>\n\t\t<\/div>\n\t\t\t\t\t<\/div>\n\t\t<\/section>\n\t\t\t\t<section class=\"elementor-section elementor-top-section elementor-element elementor-element-450823f elementor-section-boxed elementor-section-height-default elementor-section-height-default\" data-id=\"450823f\" data-element_type=\"section\" data-e-type=\"section\" data-settings=\"{&quot;background_background&quot;:&quot;classic&quot;}\">\n\t\t\t\t\t\t<div class=\"elementor-container elementor-column-gap-default\">\n\t\t\t\t\t<div class=\"elementor-column elementor-col-100 elementor-top-column elementor-element elementor-element-78c7650\" data-id=\"78c7650\" data-element_type=\"column\" data-e-type=\"column\" data-settings=\"{&quot;background_background&quot;:&quot;classic&quot;}\">\n\t\t\t<div class=\"elementor-widget-wrap elementor-element-populated\">\n\t\t\t\t\t\t<div class=\"elementor-element elementor-element-366293f elementor-widget elementor-widget-text-editor\" data-id=\"366293f\" data-element_type=\"widget\" data-e-type=\"widget\" data-widget_type=\"text-editor.default\">\n\t\t\t\t<div class=\"elementor-widget-container\">\n\t\t\t\t\t\t\t\t\t<h3><span style=\"color: #000000;\">Wissenswertes f\u00fcr den Einsteiger:<\/span><\/h3><div id=\"headline\"><h5><span style=\"text-decoration: underline;\"><span style=\"color: #ffffff; text-decoration: underline;\"><span style=\"color: #000000; text-decoration: underline;\">Spielf\u00e4higkeit von Streichinstrumenten<\/span><\/span><\/span><\/h5><\/div><p>Besondere Aufmerksamkeit m\u00f6chte ich auf die Spielf\u00e4higkeit, das hei\u00dft die Einrichtung von Streichinstrumenten (Violine, Viola, Cello, Kontrabass) lenken.<\/p><p>Ein Instrument, welches nicht gut den ergonomischen Anforderungen entspricht, welches also nicht vollst\u00e4ndig der menschlichen Anatomie angepasst ist, wird dem Geiger unn\u00f6tige Schwierigkeiten bereiten. So ist es gerade f\u00fcr Anf\u00e4nger wichtig, sie auf einem entsprechend gut eingerichtetem Instrument lernen zu lassen, da sie anf\u00e4nglich noch gar nicht wissen k\u00f6nnen, welche Anforderungen sie der Geige stellen k\u00f6nnen und welche Anforderungen die Geige dem Geiger stellt. Dabei sollten wenn m\u00f6glich Fachleute, wie Geigenlehrerin\/Geigenlehrer hinzu gezogen werden.<br \/>Es kommt nur zu h\u00e4ufig vor, dass man um Geld zu sparen und mit dem Vorwand &#8222;ist doch f\u00fcr einen Anf\u00e4nger&#8220; nur ein leidlich spielf\u00e4higes Instrument dem potentiellem &#8222;Paganini&#8220; vermacht, welcher dann nat\u00fcrlich schnell an seinem Talent zu zweifeln beginnt und seine Karriere all zu fr\u00fch an den Nagel h\u00e4ngt.<br \/>Disziplin ist ein guter Vorsatz, sollte aber mit Spa\u00df an der Musik gepaart sein, der mit einem wirklich spielf\u00e4higen Instrument leichter zu haben ist.<br \/>Daher sollten Sie sich \u00fcberlegen, ob nur das N\u00f6tigste, oder ein wirklich gut eingerichtetes Instrument nicht doch die lohnendere Entscheidung ist.<\/p><p>Um den verschiedensten Anforderungen, Vorstellungen und nat\u00fcrlich auch dem Geldbeutel meiner Kunden gerecht zu werden, bin ich bestrebt in direkter Absprache mit Ihnen das richtige Ma\u00df zu finden. Dies bezieht sich sowohl auf die Auswahl eines zu erwerbenden Instruments oder auch zu mietenden, als auch darauf, welche Arbeiten an Ihrem zu reparierenden Instrument durchgef\u00fchrt werden sollen. Beispielsweise k\u00f6nnen Arbeiten wie das Aufpolieren von Schellack, die Kehlung des Griffbretts, H\u00f6he und Rundung des Steges (Saitenlage), Passung der Stimme und Arbeit des Ober- beziehungsweise Untersattels mit dem Kunden besprochen werden. Bei vielen &#8222;g\u00fcnstig&#8220; gekauften Instrumenten empfiehlt es sich oftmals mehr zu investieren, da sie je nach Qualit\u00e4t des Herstellers und Holzes einer aufwendigeren \u00dcberholung bed\u00fcrfen.<\/p><p>Um so gr\u00f6\u00dfer der Aufwand ist, mit dem ich ein Instrument einrichte (der Geigenbauer sagt dazu &#8222;fertig machen&#8220;), um so eher ist die Spielf\u00e4higkeit gew\u00e4hrleistet.<\/p>\t\t\t\t\t\t\t\t<\/div>\n\t\t\t\t<\/div>\n\t\t\t\t\t<\/div>\n\t\t<\/div>\n\t\t\t\t\t<\/div>\n\t\t<\/section>\n\t\t\t\t<\/div>\n\t\t","protected":false},"excerpt":{"rendered":"<p>Reparatur In meiner Werkstatt k\u00f6nnen alle Reparaturen &amp; \u00dcberholungen an Streichinstrumenten von allen Gr\u00f6\u00dfen der Geige \u00fcber Violen &amp; Celli bis hin zu Kontrab\u00e4ssen vorgenommen werden.Ob es sich um Unfallsch\u00e4den wie gebrochener Hals, Stimmriss in Boden bzw. Decke, gebrochener Steg, Besch\u00e4digungen am Lack, abgeplatzte Ecken etc. handelt oder alters- und spielbedingte \u00dcberholungen erforderlich sind, wie [&hellip;]<\/p>\n","protected":false},"author":2,"featured_media":0,"parent":0,"menu_order":3,"comment_status":"closed","ping_status":"closed","template":"elementor_header_footer","meta":{"footnotes":""},"class_list":["post-14","page","type-page","status-publish","hentry"],"_links":{"self":[{"href":"https:\/\/gggeigen.de\/index.php\/wp-json\/wp\/v2\/pages\/14","targetHints":{"allow":["GET"]}}],"collection":[{"href":"https:\/\/gggeigen.de\/index.php\/wp-json\/wp\/v2\/pages"}],"about":[{"href":"https:\/\/gggeigen.de\/index.php\/wp-json\/wp\/v2\/types\/page"}],"author":[{"embeddable":true,"href":"https:\/\/gggeigen.de\/index.php\/wp-json\/wp\/v2\/users\/2"}],"replies":[{"embeddable":true,"href":"https:\/\/gggeigen.de\/index.php\/wp-json\/wp\/v2\/comments?post=14"}],"version-history":[{"count":240,"href":"https:\/\/gggeigen.de\/index.php\/wp-json\/wp\/v2\/pages\/14\/revisions"}],"predecessor-version":[{"id":6986,"href":"https:\/\/gggeigen.de\/index.php\/wp-json\/wp\/v2\/pages\/14\/revisions\/6986"}],"wp:attachment":[{"href":"https:\/\/gggeigen.de\/index.php\/wp-json\/wp\/v2\/media?parent=14"}],"curies":[{"name":"wp","href":"https:\/\/api.w.org\/{rel}","templated":true}]}}